, 2*v + 2*q = 40. What are the prime factors of v?
2
Suppose -42 = -z - z - g, g = 4*z - 96. Suppose -4*p = -m + 17, 3*p - 8 = -m + z. List the prime factors of m.
5
Suppose p = -3 + 14. Suppose 3*o - p = 13. What are the prime factors of o?
2
Suppose -26 - 25 = -y. What are the prime factors of y?
3, 17
Suppose 0 = -0*c - 2*c + 2. List the prime factors of (-3*15/(-9))/c.
5
Suppose 21*b - 530 = 16*b. What are the prime factors of b?
2, 53
Suppose b - 249 = h, 2*b + 727 = 5*b + h. What are the prime factors of b?
2, 61
Let l(g) = -3*g. Let k be l(3). Let z = -3 - k. What are the prime factors of z?
2, 3
Suppose -5*b - 8 = 12. Let q be ((-2)/b)/((-1)/10). What are the prime factors of (0 - -11) + (q - -5)?
11
Let l = -10 - -46. List the prime factors of l.
2, 3
Let x(s) = 5*s**3 - s**2 - s + 1. Let z be x(1). Suppose -u + 3 = -z. List the prime factors of u.
7
Let d be -5 + -2 + -2 + 5. Let r(x) = x**3 + 5*x**2 - 2*x - 2. List the prime factors of r(d).
2, 11
Let j be (-3 + 0 + -2)*-1. Suppose 0*w - 5*w = -2*x - 13, 3*x - j*w = -7. What are the prime factors of x?
2, 3
Suppose 6*v = -11*v + 2975. What are the prime factors of v?
5, 7
Let w be 0/(-1) - (1 - 1). List the prime factors of w + 0 + 16/2.
2
Let b = 48 + -13. What are the prime factors of b?
5, 7
Let q = 64 - 46. What are the prime factors of q?
2, 3
Let s = 226 + -151. List the prime factors of s.
3, 5
Let k(q) = 4*q**2 + 0 + 0*q**2 - 3*q**2 + 4*q + 1. Suppose 0 = 4*h - 12 + 32. What are the prime factors of k(h)?
2, 3
Let x(v) = 3*v**2 + v - 2. Let g be x(2). Let s = 17 - g. List the prime factors of s.
5
Let j be (3 - 4 - -2) + -1. Let i = j - -3. List the prime factors of i.
3
Let k = -13 - -15. What are the prime factors of 5/((-2)/(-20)*k)?
5
Let c be (-9)/5 - 6/30. Let g = c + 18. What are the prime factors of g?
2
Suppose t - 5*d = 16 + 7, 2*d + 2 = 0. What are the prime factors of t?
2, 3
Suppose -6*h + 12 = -2*h. What are the prime factors of (42/10 - h)*20?
2, 3
Let h = 2 - -18. What are the prime factors of h?
2, 5
Let k be -3*(-4)/6 + -37. Let g = -18 - k. Let q = -8 + g. List the prime factors of q.
3
Suppose -2*c + 5*c - 24 = -3*z, 0 = -4*z + 4. What are the prime factors of (-7)/(-49) + 279/c?
2, 5
Let y(v) = -v**2 + v - 4*v**2 + 6*v**2 - 5*v. What are the prime factors of y(7)?
3, 7
Let h(l) = l**3 - 4*l**2 - 6*l + 3. Let m(t) = -t**3 - 10*t**2 - 11*t - 13. Let g be m(-9). Let v be h(g). What are the prime factors of 8 - ((-6)/(-2) + v)?
7
Let b(y) be the third derivative of -y**4/8 + y**3/6 + 2*y**2. Suppose -k = -0 + 2. List the prime factors of b(k).
7
Let l(q) = -2*q + 2 - 7 - q**2 + 7*q + 2. Let i be l(4). Suppose i + 3 = g. What are the prime factors of g?
2
Let m be 1/2*(-3 + 7). Suppose -r = -m*h + 2*r + 47, -3*r - 9 = 0. List the prime factors of h.
19
Let g = -277 + 427. What are the prime factors of g?
2, 3, 5
Suppose 6*y - 8*y + 4 = 0. Suppose -4*t + 246 = y*t. List the prime factors of t.
41
Suppose 3*r = 9*r - 24. What are the prime factors of (-8)/r - 1 - -26?
23
Suppose -q = -2*q. Suppose q = -9*p + 12*p - 69. What are the prime factors of p?
23
Suppose -2*h - 8 = 12. List the prime factors of (-216)/h - (-4)/10.
2, 11
Let y = -1 + 30. What are the prime factors of y?
29
Let k be (-14)/((-1)/3*-3). Let p = 37 + k. Suppose 2*w - p = -7. What are the prime factors of w?
2
Let f be (-14)/(-10) - 16/40. What are the prime factors of 32 - 1*(2 - f)?
31
Let n be -1 - 2 - (-3)/1. What are the prime factors of (51/3)/(n - -1)?
17
Suppose -2*k + 86 = 2*f - 32, -5*k + 71 = f. What are the prime factors of f?
2, 7
Let k be 0*(-1)/3 + -19. Let f = 30 - -2. Let o = k + f. List the prime factors of o.
13
Suppose -4*j = -m - 6, 3*m - 3*j = -2*j + 15. What are the prime factors of 3/m - (-9)/6?
2
Let d(j) = j - 5. Let l be d(7). Suppose p - 4*n + l = 0, -n - 38 = p - 4*p. What are the prime factors of p?
2, 7
Suppose 4*y - 29 = 55. What are the prime factors of y?
3, 7
Let x(u) = u**2 - 8*u + 8. Suppose p - 21 = -2*p. Let o be x(p). What are the prime factors of (-2 + -10)*o/(-3)?
2
Suppose 0*y = 2*y - 8, -5*i - 4*y = -131. List the prime factors of i.
23
Let x be (-3 + 2)/((-1)/(-7)). List the prime factors of 6*x*1/(-3).
2, 7
Let b(d) = -7*d + 14. What are the prime factors of b(-9)?
7, 11
Let n = -2 + 2. Suppose 3*j - 9 = -5*s + 12, 0 = -2*s - 4*j. Suppose n = 3*l - s*l + 15. List the prime factors of l.
5
Suppose 9*b = 4*b + 45. Suppose 4*z - 66 - b = -5*t, 4*z - 45 = -3*t. Suppose t - 6 = 3*r. List the prime factors of r.
3
Suppose 0*g = -g - 5, -57 = -2*z - g. List the prime factors of z.
31
Let k = 31 - -46. What are the prime factors of k?
7, 11
Let h(j) = 2*j - 1. Let u(v) = v - 1. Let d(x) = 3*h(x) - 4*u(x). Let a be (-2)/(4/3 - 2). List the prime factors of d(a).
7
Let d = 222 - 46. List the prime factors of d.
2, 11
Suppose 0 = 5*n - 5, 0 = 3*y + 2*y - 5*n - 1270. List the prime factors of y.
3, 5, 17
Suppose 3*x - 22 = 5*x. Let v be x/(-3) - (-4)/(-6). Suppose p + v*a - 18 = 0, 7*p = 4*p + 5*a - 2. List the prime factors of p.
2, 3
Suppose -t + 16 = 3*t. Let c = 10 - t. List the prime factors of c.
2, 3
Suppose x = 4*x + 4*n + 16, -n = -3*x - 11. Let f = 6 + x. Suppose 6*a - 80 = f*a. List the prime factors of a.
2, 5
Let c = 104 + 137. List the prime factors of c.
241
Suppose -5*q + 25 = -0*q. Suppose q*w - 71 - 29 = 0. What are the prime factors of w?
2, 5
Suppose -3*g - f = -4*g + 36, 3*g = f + 114. List the prime factors of g.
3, 13
Suppose 0*k - 2*b = -3*k + 81, 4*b + 17 = k. List the prime factors of k.
29
Let p be 4/(2 + 1 + -2). Suppose 2*u + p*x - 32 = 0, 7*u = 2*u + x + 80. List the prime factors of u.
2
Let s = 0 + 2. Suppose 2*t - s - 1 = -y, -5*y = 4*t - 3. What are the prime factors of t?
2
Let n be 4/6*27/6. Suppose -q - 66 = -n*q. List the prime factors of q.
3, 11
What are the prime factors of (14/8)/((-4)/(-80))?
5, 7
Suppose 0*t + 5*y + 49 = t, -3*y = 2*t - 85. List the prime factors of t.
2, 11
Let q = -8 + 11. Suppose 0*k + k - q = 4*o, -15 = -o - 5*k. Suppose -3 = -o*c - c. What are the prime factors of c?
3
Let b(c) = -2*c - 2. Let y be b(-3). Let l = y + 0. List the prime factors of l.
2
Let u be 11 + -2 - (-1 + 3). Suppose 0 = z - u. List the prime factors of z.
7
Let n = 60 + -36. What are the prime factors of ((-30)/n)/(2/(-24))?
3, 5
Suppose 0*w = 3*u - 3*w - 114, u - 3*w = 36. What are the prime factors of u?
3, 13
Let p be 4 + -4 + 1*14. Let j = -4 + p. List the prime factors of j.
2, 5
Let a be 1/(-1) + 0/(-1). Let l be 1253/(-28) + a/4. Let r = -32 - l. List the prime factors of r.
13
Suppose 4*n = n + 3*g + 141, -173 = -4*n - g. List the prime factors of n.
2, 11
Suppose 0 = 4*w - w - 24. Let d(x) = x - 2. List the prime factors of d(w).
2, 3
Suppose k = 6*k - 10. Suppose 2 = -2*r + 2*i + k*i, -12 = -4*i. Let w(u) = u + 2. List the prime factors of w(r).
7
Let h = 60 + -40. What are the prime factors of h?
2, 5
Suppose -t - 4*t = -15. What are the prime factors of t/(-9) + (-28)/(-3)?
3
Suppose 2*q = 8*q - 126. List the prime factors of q - 1*(0 - -4).
17
Suppose -15*i + 10*i = -45. What are the prime factors of i?
3
Let g(d) = -d**3 - 2*d**2 + 28. List the prime factors of g(0).
2, 7
Let w be 1/(-1)*(-1 - 1). Let a(v) = 20*v - 1. Let q be a(1). Suppose -3 - q = -w*u. List the prime factors of u.
11
Let b be ((-4)/6)/((-6)/63). Suppose 2 = -u + b. List the prime factors of u.
5
Let z be 4/6 + (-1)/(-3). Let p = z + -4. Let d = 14 + p. List the prime factors of d.
11
Suppose k = v + 45 - 19, 0 = 5*k + 2*v - 102. List the prime factors of k.
2, 11
Suppose 4*j + 25 = 369. List the prime factors of j.
2, 43
Let d = 6 - 0. Let o = d + -4. List the prime factors of o*(0 - (-2)/2).
2
Let h = -21 - -11. Let r(y) = -y**2 - 10*y + 4. Let v be r(h). Suppose -14 - 2 = -v*d. List the prime factors of d.
2
Suppose 0 = 6*n - 2*n. Suppose i - r + 3 = n, 5*r - 11 = -4*i + 4. Suppose i*o + 40 = 5*o. List the prime factors of o.
2
Let d(j) = 4*j**2 + 2*j. What are the prime factors of d(3)?
2, 3, 7
Let v(l) = 3*l - 3. Let g be v(-6). Let f = 11 + g. What are the prime factors of (-144)/(-10) + 4/f?
2, 7
Let c = 0 - -2. Suppose -c*h + 32 = -0*h. List the prime factors of h.
2
Let x be -2 + 4 + (3 - 2). Suppose 193 + 20 = x*v. Suppose -v 